{"id":3224,"date":"2020-04-13T09:14:48","date_gmt":"2020-04-13T09:14:48","guid":{"rendered":"https:\/\/colibriwp-work.colibriwp.com\/carpentry-pro\/?page_id=2005"},"modified":"2025-02-19T10:23:29","modified_gmt":"2025-02-19T10:23:29","slug":"psychopraticienne","status":"publish","type":"page","link":"https:\/\/laetitia-vesentini-psy.fr\/index.php\/psychopraticienne\/","title":{"rendered":"A PROPOS"},"content":{"rendered":"<div data-colibri-id=\"3224-c1\" class=\"style-727 style-local-3224-c1 position-relative\">\n  <!---->\n  <div data-colibri-component=\"section\" data-colibri-id=\"3224-c2\" id=\"work-defines\" class=\"h-section h-section-global-spacing d-flex align-items-lg-center align-items-md-center align-items-center style-728 style-local-3224-c2 position-relative\">\n    <!---->\n    <!---->\n    <div class=\"h-section-grid-container h-section-boxed-container\">\n      <!---->\n      <div data-colibri-id=\"3224-c3\" class=\"h-row-container gutters-row-lg-2 gutters-row-md-2 gutters-row-2 gutters-row-v-lg-2 gutters-row-v-md-2 gutters-row-v-2 style-729 style-local-3224-c3 position-relative\">\n        <!---->\n        <div class=\"h-row justify-content-lg-center justify-content-md-center justify-content-center align-items-lg-stretch align-items-md-stretch align-items-stretch gutters-col-lg-2 gutters-col-md-2 gutters-col-2 gutters-col-v-lg-2 gutters-col-v-md-2 gutters-col-v-2\">\n          <!---->\n          <div class=\"h-column h-column-container d-flex h-col-lg-auto h-col-md-auto h-col-auto style-730-outer style-local-3224-c4-outer\">\n            <div data-colibri-id=\"3224-c4\" class=\"d-flex h-flex-basis h-column__inner h-px-lg-2 h-px-md-2 h-px-2 v-inner-lg-2 v-inner-md-2 v-inner-2 style-730 style-local-3224-c4 position-relative\">\n              <!---->\n              <!---->\n              <div class=\"w-100 h-y-container h-column__content h-column__v-align flex-basis-100 align-self-lg-start align-self-md-start align-self-start\">\n                <!---->\n                <div data-colibri-id=\"3224-c5\" class=\"h-text h-text-component style-740 style-local-3224-c5 position-relative h-element\">\n                  <!---->\n                  <!---->\n                  <div class=\"\">\n                    <p>&nbsp;A<strong>&nbsp;travers mon propre cheminement, j&rsquo;ai d\u00e9couvert le pouvoir de la transformation personnelle.<\/strong><\/p>\n                    <p>Au fil des ann\u00e9es, j&rsquo;ai cherch\u00e9 \u00e0 mieux me comprendre en explorant mes failles, mes blessures et mes travers. Cette qu\u00eate de soi m&rsquo;a conduite \u00e0 entamer une psychoth\u00e9rapie, une exp\u00e9rience qui m\u2019a permis de lib\u00e9rer des blocages et de\n                      renouer avec une version plus \u00e9panouie de moi-m\u00eame. Ce processus m\u2019a profond\u00e9ment marqu\u00e9e, et c\u2019est avec cette exp\u00e9rience en t\u00eate que j&rsquo;ai ressenti l&rsquo;envie de mettre mon parcours et mes comp\u00e9tences au service de ceux qui traversent\n                      des \u00e9preuves similaires.<\/p>\n                    <p>C&rsquo;est ainsi que je suis devenue psychopraticienne, en suivant une formation dispens\u00e9e par Ita&rsquo;Com ainsi qu&rsquo;une formation \u00e0 l&rsquo;Acad\u00e9mie Theape enseign\u00e9 par No\u00eblle Cassan, un choix qui m\u2019est apparu comme une \u00e9vidence. Mon objectif est\n                      de vous accompagner dans la compr\u00e9hension de vous-m\u00eame, tout en vous offrant des outils puissants pour vous lib\u00e9rer des entraves \u00e9motionnelles et psychologiques qui vous freinent.<\/p>\n                    <p><strong>L&rsquo;EFT : un outil puissant et privil\u00e9gi\u00e9<\/strong><\/p>\n                    <p>Parmi tous les outils th\u00e9rapeutiques que j\u2019ai appris, c\u2019est l\u2019EFT (Emotional Freedom Techniques) que je pr\u00e9f\u00e8re. Ce qui me fascine dans cette m\u00e9thode, c\u2019est sa puissance et son efficacit\u00e9. L&rsquo;EFT permet de lib\u00e9rer les \u00e9motions refoul\u00e9es,\n                      les traumatismes enfouis et les m\u00e9moires \u00e9motionnelles en combinant des tapotements doux sur des points sp\u00e9cifiques du corps tout en concentrant l&rsquo;esprit sur des pens\u00e9es cibl\u00e9es.<\/p>\n                    <p>Gr\u00e2ce \u00e0 l\u2019EFT, il est possible de faire \u00e9merger des \u00e9motions souvent ignor\u00e9es, de les conscientiser et de les lib\u00e9rer. Ce processus offre un soulagement rapide et durable des blocages \u00e9motionnels, qu\u2019il s\u2019agisse de stress, d\u2019anxi\u00e9t\u00e9,\n                      de peurs, de croyances limitantes, ou d&rsquo;autres d\u00e9fis. C\u2019est une m\u00e9thode que j\u2019utilise fr\u00e9quemment dans mes s\u00e9ances pour permettre \u00e0 mes clients de se lib\u00e9rer de leurs fardeaux \u00e9motionnels et d\u2019avancer avec s\u00e9r\u00e9nit\u00e9.<\/p>\n                    <p><strong>Un accompagnement personnalis\u00e9 et bienveillant<\/strong><\/p>\n                    <p>Mon approche repose sur l\u2019\u00e9coute active, la bienveillance et un accompagnement sur-mesure, adapt\u00e9 aux besoins sp\u00e9cifiques de chaque personne. Mon r\u00f4le est de vous aider \u00e0 prendre conscience de vos ressources int\u00e9rieures, \u00e0 comprendre\n                      vos m\u00e9canismes de fonctionnement et \u00e0 retrouver un \u00e9quilibre \u00e9motionnel durable. Le processus que je vous propose respecte votre rythme et vous offre un espace s\u00e9curis\u00e9 pour vous exprimer librement.<\/p>\n                    <p>Que vous traversiez une p\u00e9riode de doute, de stress, de perte de rep\u00e8res, ou que vous souhaitiez simplement mieux vous comprendre, je serai l\u00e0 pour vous guider sur le chemin de la transformation. Ensemble, nous pourrons avancer vers\n                      une vie plus sereine et \u00e9panouie.<\/p>\n                    <p><strong>N\u2019h\u00e9sitez pas \u00e0 me contacter pour plus d\u2019informations ou pour prendre rendez-vous<\/strong><\/p>\n                    <p>\n                      <br>\n                    <\/p>\n                  <\/div>\n                <\/div>\n                <div data-colibri-id=\"3224-c6\" class=\"h-x-container style-1036 style-local-3224-c6 position-relative h-element\">\n                  <!---->\n                  <div class=\"h-x-container-inner style-dynamic-3224-c6-group style-1036-spacing style-local-3224-c6-spacing\"><span class=\"h-button__outer style-1037-outer style-local-3224-c7-outer d-inline-flex h-element\"><a h-use-smooth-scroll=\"true\" href=\"tel:\/\/+33686384897\" data-colibri-id=\"3224-c7\" class=\"d-flex w-100 align-items-center h-button justify-content-lg-center justify-content-md-center justify-content-center style-1037 style-local-3224-c7 position-relative\" rel=\"nofollow\"><!----><span  class=\"h-svg-icon h-button__icon style-1037-icon style-local-3224-c7-icon\"><!--Icon by Ionicons (https:\/\/ionicons.com)--><svg version=\"1.1\" xmlns=\"http:\/\/www.w3.org\/2000\/svg\" xmlns:xlink=\"http:\/\/www.w3.org\/1999\/xlink\" id=\"ios-telephone\" viewBox=\"0 0 352.0607 512\"><path d=\"M336.06 336c16 16 26 35 0 66-25 30-42 30-64 30-24 0-58-14-93-40-32-23-46-34-78-67-34-35-55-64-79-107-27-50-24-74-18-92 4-12 14-24 28-33l1-1c6-4 18-12 32-12 13 0 24 6 34 18l1 1c11 14 24 31 32 47 10 21 10 38-1 53-9 12-12 19-12 23s5 9 13 18l1 1c16 18 20 23 26 29 1 1 3 2 4 3l2 2c7 7 11 12 29 28l1 1c7 6 9 8 12 8 5 0 16-7 29-15 4-3 11-5 17-5 27 0 68 29 83 44z\"><\/path><\/svg><\/span>                    <span>06 86 38 48 97<\/span><\/a>\n                    <\/span>\n                  <\/div>\n                <\/div>\n              <\/div>\n            <\/div>\n          <\/div>\n          <div class=\"h-column h-column-container d-flex h-col-lg-auto h-col-md-auto h-col-auto style-731-outer style-local-3224-c8-outer\">\n            <div data-colibri-id=\"3224-c8\" class=\"d-flex h-flex-basis h-column__inner h-px-lg-0 h-px-md-0 h-px-0 v-inner-lg-0 v-inner-md-0 v-inner-0 style-731 style-local-3224-c8 position-relative\">\n              <!---->\n              <!---->\n              <div class=\"w-100 h-y-container h-column__content h-column__v-align flex-basis-100 align-self-lg-start align-self-md-start align-self-start\">\n                <!---->\n                <div data-colibri-id=\"3224-c9\" class=\"h-row-container gutters-row-lg-0 gutters-row-md-0 gutters-row-0 gutters-row-v-lg-0 gutters-row-v-md-0 gutters-row-v-0 style-732 style-local-3224-c9 position-relative\">\n                  <!---->\n                  <div class=\"h-row justify-content-lg-center justify-content-md-center justify-content-center align-items-lg-stretch align-items-md-stretch align-items-stretch gutters-col-lg-0 gutters-col-md-0 gutters-col-0 gutters-col-v-lg-0 gutters-col-v-md-0 gutters-col-v-0\">\n                    <!---->\n                    <div class=\"h-column h-column-container d-flex h-col-lg-auto h-col-md-auto h-col-auto style-733-outer style-local-3224-c10-outer\">\n                      <div data-colibri-id=\"3224-c10\" class=\"d-flex h-flex-basis h-column__inner h-px-lg-0 h-px-md-0 h-px-0 v-inner-lg-0 v-inner-md-0 v-inner-0 style-733 style-local-3224-c10 position-relative\">\n                        <!---->\n                        <!---->\n                        <div class=\"w-100 h-y-container h-column__content h-column__v-align flex-basis-100 align-self-lg-start align-self-md-start align-self-start\">\n                          <!---->\n                          <div data-colibri-id=\"3224-c11\" class=\"d-block style-741 style-local-3224-c11 position-relative h-element\">\n                            <!---->\n                            <div class=\"h-image__frame-container-outer\">\n                              <div class=\"h-image__frame-container\">\n                                <!---->\n                                <!---->\n                                <img loading=\"lazy\" decoding=\"async\" width=\"956\" height=\"1102\" src=\"https:\/\/laetitia-vesentini-psy.fr\/wp-content\/uploads\/2024\/12\/cropped-IMG_0858.jpg\" class=\"wp-image-3274 style-741-image style-local-3224-c11-image\" alt=\"psychopraticienne\" srcset=\"https:\/\/laetitia-vesentini-psy.fr\/wp-content\/uploads\/2024\/12\/cropped-IMG_0858.jpg 956w, https:\/\/laetitia-vesentini-psy.fr\/wp-content\/uploads\/2024\/12\/cropped-IMG_0858-260x300.jpg 260w, https:\/\/laetitia-vesentini-psy.fr\/wp-content\/uploads\/2024\/12\/cropped-IMG_0858-888x1024.jpg 888w, https:\/\/laetitia-vesentini-psy.fr\/wp-content\/uploads\/2024\/12\/cropped-IMG_0858-768x885.jpg 768w\" sizes=\"auto, (max-width: 956px) 100vw, 956px\" \/>\n                                <div class=\"h-image__frame h-hide-lg h-hide-md h-hide-sm style-741-frameImage style-local-3224-c11-frameImage\"><\/div>\n                              <\/div>\n                            <\/div>\n                          <\/div>\n                        <\/div>\n                      <\/div>\n                    <\/div>\n                    <div class=\"h-column h-column-container d-flex h-col-lg-auto h-col-md-auto h-col-auto style-734-outer style-local-3224-c12-outer\">\n                      <div data-colibri-id=\"3224-c12\" class=\"d-flex h-flex-basis h-column__inner h-px-lg-2 h-px-md-2 h-px-2 v-inner-lg-3 v-inner-md-3 v-inner-3 style-734 style-local-3224-c12 position-relative\">\n                        <!---->\n                        <!---->\n                        <div class=\"w-100 h-y-container h-column__content h-column__v-align flex-basis-100 align-self-lg-start align-self-md-start align-self-start\">\n                          <!---->\n                          <div data-colibri-id=\"3224-c13\" class=\"h-global-transition-all h-heading style-742 style-local-3224-c13 position-relative h-element\">\n                            <!---->\n                            <div class=\"h-heading__outer style-742 style-local-3224-c13\">\n                              <!---->\n                              <!---->\n                              <h4 class=\"\">VESENTINI LAETITIA<\/h4>\n                            <\/div>\n                          <\/div>\n                          <div data-colibri-id=\"3224-c14\" class=\"h-text h-text-component style-743 style-local-3224-c14 position-relative h-element\">\n                            <!---->\n                            <!---->\n                            <div class=\"\">\n                              <p>PSYCHOPRATICIENNE<\/p>\n                            <\/div>\n                          <\/div>\n                        <\/div>\n                      <\/div>\n                    <\/div>\n                  <\/div>\n                <\/div>\n                <div data-colibri-id=\"3224-c15\" class=\"h-x-container style-1018 style-local-3224-c15 position-relative h-element\">\n                  <!---->\n                  <div class=\"h-x-container-inner style-dynamic-3224-c15-group style-1018-spacing style-local-3224-c15-spacing\"><span class=\"h-button__outer style-1019-outer style-local-3224-c16-outer d-inline-flex h-element\"><a h-use-smooth-scroll=\"true\" href=\"https:\/\/calendly.com\/contact-laetitia-vesentini-psy\/sceance-d-une-heure-clone\" target=\"_blank\" data-colibri-id=\"3224-c16\" class=\"d-flex w-100 align-items-center h-button justify-content-lg-center justify-content-md-center justify-content-center style-1019 style-local-3224-c16 position-relative\" rel=\"nofollow noopener\"><!----><span  class=\"h-svg-icon h-button__icon style-1019-icon style-local-3224-c16-icon\"><!--Icon by Font Awesome (https:\/\/fontawesome.com)-->\n    <svg version=\"1.1\" xmlns=\"http:\/\/www.w3.org\/2000\/svg\" xmlns:xlink=\"http:\/\/www.w3.org\/1999\/xlink\" id=\"calendar\" viewBox=\"0 0 1672.2646 1896.0833\">\n      <path d=\"M128 1664h288v-288H128v288zm352 0h320v-288H480v288zm-352-352h288V992H128v320zm352 0h320V992H480v320zM128 928h288V640H128v288zm736 736h320v-288H864v288zM480 928h320V640H480v288zm768 736h288v-288h-288v288zm-384-352h320V992H864v320zM512 448V160q0-13-9.5-22.5T480 128h-64q-13 0-22.5 9.5T384 160v288q0 13 9.5 22.5T416 480h64q13 0 22.5-9.5T512 448zm736 864h288V992h-288v320zM864 928h320V640H864v288zm384 0h288V640h-288v288zm32-480V160q0-13-9.5-22.5T1248 128h-64q-13 0-22.5 9.5T1152 160v288q0 13 9.5 22.5t22.5 9.5h64q13 0 22.5-9.5t9.5-22.5zm384-64v1280q0 52-38 90t-90 38H128q-52 0-90-38t-38-90V384q0-52 38-90t90-38h128v-96q0-66 47-113T416 0h64q66 0 113 47t47 113v96h384v-96q0-66 47-113t113-47h64q66 0 113 47t47 113v96h128q52 0 90 38t38 90z\"><\/path>\n    <\/svg><\/span> <span>R\u00e9servez votre s\u00e9ance<\/span><\/a>\n                    <\/span>\n                  <\/div>\n                <\/div>\n                <div data-colibri-id=\"3224-c17\" class=\"h-text h-text-component style-1033 style-local-3224-c17 position-relative h-element\">\n                  <!---->\n                  <!---->\n                  <div class=\"\">\n                    <p><span style=\"font-weight: 700;\">Votre premi\u00e8re s\u00e9ance gratuite de 30 minutes afin d&rsquo;\u00e9changer sur vos besoins et attentes<\/span><\/p>\n                  <\/div>\n                <\/div>\n                <div data-colibri-id=\"3224-c18\" class=\"h-x-container style-1034 style-local-3224-c18 position-relative h-element\">\n                  <!---->\n                  <div class=\"h-x-container-inner style-dynamic-3224-c18-group style-1034-spacing style-local-3224-c18-spacing\"><span class=\"h-button__outer style-1035-outer style-local-3224-c19-outer d-inline-flex h-element\"><a h-use-smooth-scroll=\"true\" href=\"https:\/\/calendly.com\/contact-laetitia-vesentini-psy\/30min\" data-colibri-id=\"3224-c19\" class=\"d-flex w-100 align-items-center h-button justify-content-lg-center justify-content-md-center justify-content-center style-1035 style-local-3224-c19 position-relative\" rel=\"nofollow noopener\" target=\"_blank\"><!----><span  class=\"h-svg-icon h-button__icon style-1035-icon style-local-3224-c19-icon\"><!--Icon by Font Awesome (https:\/\/fontawesome.com)-->\n    <svg version=\"1.1\" xmlns=\"http:\/\/www.w3.org\/2000\/svg\" xmlns:xlink=\"http:\/\/www.w3.org\/1999\/xlink\" id=\"calendar\" viewBox=\"0 0 1672.2646 1896.0833\">\n      <path d=\"M128 1664h288v-288H128v288zm352 0h320v-288H480v288zm-352-352h288V992H128v320zm352 0h320V992H480v320zM128 928h288V640H128v288zm736 736h320v-288H864v288zM480 928h320V640H480v288zm768 736h288v-288h-288v288zm-384-352h320V992H864v320zM512 448V160q0-13-9.5-22.5T480 128h-64q-13 0-22.5 9.5T384 160v288q0 13 9.5 22.5T416 480h64q13 0 22.5-9.5T512 448zm736 864h288V992h-288v320zM864 928h320V640H864v288zm384 0h288V640h-288v288zm32-480V160q0-13-9.5-22.5T1248 128h-64q-13 0-22.5 9.5T1152 160v288q0 13 9.5 22.5t22.5 9.5h64q13 0 22.5-9.5t9.5-22.5zm384-64v1280q0 52-38 90t-90 38H128q-52 0-90-38t-38-90V384q0-52 38-90t90-38h128v-96q0-66 47-113T416 0h64q66 0 113 47t47 113v96h384v-96q0-66 47-113t113-47h64q66 0 113 47t47 113v96h128q52 0 90 38t38 90z\"><\/path>\n    <\/svg><\/span> <span>Faisons connaissance 30 min<\/span><\/a>\n                    <\/span>\n                  <\/div>\n                <\/div>\n              <\/div>\n            <\/div>\n          <\/div>\n          <div class=\"h-column h-column-container d-flex h-col-lg-auto h-col-md-auto h-col-auto style-787-outer style-local-3224-c20-outer\">\n            <div data-colibri-id=\"3224-c20\" class=\"d-flex h-flex-basis h-column__inner h-ui-empty-state-container h-px-lg-2 h-px-md-2 h-px-2 v-inner-lg-2 v-inner-md-2 v-inner-2 style-787 style-local-3224-c20 position-relative\">\n              <!---->\n              <!---->\n              <div class=\"w-100 h-y-container h-column__content h-column__v-align flex-basis-100\">\n                <!---->\n              <\/div>\n            <\/div>\n          <\/div>\n        <\/div>\n      <\/div>\n      <div data-colibri-id=\"3224-c21\" class=\"h-row-container gutters-row-lg-2 gutters-row-md-2 gutters-row-0 gutters-row-v-lg-2 gutters-row-v-md-2 gutters-row-v-2 style-1028 style-local-3224-c21 position-relative\">\n        <!---->\n        <div class=\"h-row justify-content-lg-center justify-content-md-center justify-content-center align-items-lg-stretch align-items-md-stretch align-items-stretch gutters-col-lg-2 gutters-col-md-2 gutters-col-0 gutters-col-v-lg-2 gutters-col-v-md-2 gutters-col-v-2\">\n          <!---->\n          <div class=\"h-column h-column-container d-flex h-col-lg-auto h-col-md-auto h-col-auto style-1029-outer style-local-3224-c22-outer\">\n            <div data-colibri-id=\"3224-c22\" class=\"d-flex h-flex-basis h-column__inner h-ui-empty-state-container h-px-lg-2 h-px-md-2 h-px-2 v-inner-lg-2 v-inner-md-2 v-inner-2 style-1029 style-local-3224-c22 position-relative\">\n              <!---->\n              <!---->\n              <div class=\"w-100 h-y-container h-column__content h-column__v-align flex-basis-100\">\n                <!---->\n              <\/div>\n            <\/div>\n          <\/div>\n        <\/div>\n      <\/div>\n      <div data-colibri-id=\"3224-c23\" class=\"h-row-container gutters-row-lg-2 gutters-row-md-2 gutters-row-0 gutters-row-v-lg-2 gutters-row-v-md-2 gutters-row-v-2 style-1026 style-local-3224-c23 position-relative\">\n        <!---->\n        <div class=\"h-row justify-content-lg-center justify-content-md-center justify-content-center align-items-lg-stretch align-items-md-stretch align-items-stretch gutters-col-lg-2 gutters-col-md-2 gutters-col-0 gutters-col-v-lg-2 gutters-col-v-md-2 gutters-col-v-2\">\n          <!---->\n          <div class=\"h-column h-column-container d-flex h-col-lg-auto h-col-md-auto h-col-auto style-1027-outer style-local-3224-c24-outer\">\n            <div data-colibri-id=\"3224-c24\" class=\"d-flex h-flex-basis h-column__inner h-ui-empty-state-container h-px-lg-2 h-px-md-2 h-px-2 v-inner-lg-2 v-inner-md-2 v-inner-2 style-1027 style-local-3224-c24 position-relative\">\n              <!---->\n              <!---->\n              <div class=\"w-100 h-y-container h-column__content h-column__v-align flex-basis-100\">\n                <!---->\n              <\/div>\n            <\/div>\n          <\/div>\n        <\/div>\n      <\/div>\n      <div data-colibri-id=\"3224-c25\" class=\"h-row-container gutters-row-lg-2 gutters-row-md-2 gutters-row-0 gutters-row-v-lg-2 gutters-row-v-md-2 gutters-row-v-2 style-1024 style-local-3224-c25 position-relative\">\n        <!---->\n        <div class=\"h-row justify-content-lg-center justify-content-md-center justify-content-center align-items-lg-stretch align-items-md-stretch align-items-stretch gutters-col-lg-2 gutters-col-md-2 gutters-col-0 gutters-col-v-lg-2 gutters-col-v-md-2 gutters-col-v-2\">\n          <!---->\n          <div class=\"h-column h-column-container d-flex h-col-lg-auto h-col-md-auto h-col-auto style-1025-outer style-local-3224-c26-outer\">\n            <div data-colibri-id=\"3224-c26\" class=\"d-flex h-flex-basis h-column__inner h-ui-empty-state-container h-px-lg-2 h-px-md-2 h-px-2 v-inner-lg-2 v-inner-md-2 v-inner-2 style-1025 style-local-3224-c26 position-relative\">\n              <!---->\n              <!---->\n              <div class=\"w-100 h-y-container h-column__content h-column__v-align flex-basis-100\">\n                <!---->\n              <\/div>\n            <\/div>\n          <\/div>\n        <\/div>\n      <\/div>\n      <div data-colibri-id=\"3224-c27\" class=\"h-row-container gutters-row-lg-2 gutters-row-md-2 gutters-row-0 gutters-row-v-lg-2 gutters-row-v-md-2 gutters-row-v-2 style-1022 style-local-3224-c27 position-relative\">\n        <!---->\n        <div class=\"h-row justify-content-lg-center justify-content-md-center justify-content-center align-items-lg-stretch align-items-md-stretch align-items-stretch gutters-col-lg-2 gutters-col-md-2 gutters-col-0 gutters-col-v-lg-2 gutters-col-v-md-2 gutters-col-v-2\">\n          <!---->\n          <div class=\"h-column h-column-container d-flex h-col-lg-auto h-col-md-auto h-col-auto style-1023-outer style-local-3224-c28-outer\">\n            <div data-colibri-id=\"3224-c28\" class=\"d-flex h-flex-basis h-column__inner h-ui-empty-state-container h-px-lg-2 h-px-md-2 h-px-2 v-inner-lg-2 v-inner-md-2 v-inner-2 style-1023 style-local-3224-c28 position-relative\">\n              <!---->\n              <!---->\n              <div class=\"w-100 h-y-container h-column__content h-column__v-align flex-basis-100\">\n                <!---->\n              <\/div>\n            <\/div>\n          <\/div>\n        <\/div>\n      <\/div>\n      <div data-colibri-id=\"3224-c29\" class=\"h-row-container gutters-row-lg-2 gutters-row-md-2 gutters-row-0 gutters-row-v-lg-2 gutters-row-v-md-2 gutters-row-v-2 style-1020 style-local-3224-c29 position-relative\">\n        <!---->\n        <div class=\"h-row justify-content-lg-center justify-content-md-center justify-content-center align-items-lg-stretch align-items-md-stretch align-items-stretch gutters-col-lg-2 gutters-col-md-2 gutters-col-0 gutters-col-v-lg-2 gutters-col-v-md-2 gutters-col-v-2\">\n          <!---->\n          <div class=\"h-column h-column-container d-flex h-col-lg-auto h-col-md-auto h-col-auto style-1021-outer style-local-3224-c30-outer\">\n            <div data-colibri-id=\"3224-c30\" class=\"d-flex h-flex-basis h-column__inner h-ui-empty-state-container h-px-lg-2 h-px-md-2 h-px-2 v-inner-lg-2 v-inner-md-2 v-inner-2 style-1021 style-local-3224-c30 position-relative\">\n              <!---->\n              <!---->\n              <div class=\"w-100 h-y-container h-column__content h-column__v-align flex-basis-100\">\n                <!---->\n              <\/div>\n            <\/div>\n          <\/div>\n        <\/div>\n      <\/div>\n    <\/div>\n  <\/div>\n<\/div>","protected":false},"excerpt":{"rendered":"<p>&nbsp;A&nbsp;travers mon propre cheminement, j&rsquo;ai d\u00e9couvert le pouvoir de la transformation personnelle. Au fil des ann\u00e9es, j&rsquo;ai cherch\u00e9 \u00e0 mieux me comprendre en explorant mes failles, mes blessures et mes travers. Cette qu\u00eate de soi m&rsquo;a conduite \u00e0 entamer une psychoth\u00e9rapie, une exp\u00e9rience qui m\u2019a permis de lib\u00e9rer des blocages et de renouer avec une [&hellip;]<\/p>\n","protected":false},"author":3,"featured_media":0,"parent":0,"menu_order":0,"comment_status":"closed","ping_status":"closed","template":"page-templates\/full-width-page.php","meta":{"footnotes":""},"class_list":["post-3224","page","type-page","status-publish","hentry"],"_links":{"self":[{"href":"https:\/\/laetitia-vesentini-psy.fr\/index.php\/wp-json\/wp\/v2\/pages\/3224","targetHints":{"allow":["GET"]}}],"collection":[{"href":"https:\/\/laetitia-vesentini-psy.fr\/index.php\/wp-json\/wp\/v2\/pages"}],"about":[{"href":"https:\/\/laetitia-vesentini-psy.fr\/index.php\/wp-json\/wp\/v2\/types\/page"}],"author":[{"embeddable":true,"href":"https:\/\/laetitia-vesentini-psy.fr\/index.php\/wp-json\/wp\/v2\/users\/3"}],"replies":[{"embeddable":true,"href":"https:\/\/laetitia-vesentini-psy.fr\/index.php\/wp-json\/wp\/v2\/comments?post=3224"}],"version-history":[{"count":21,"href":"https:\/\/laetitia-vesentini-psy.fr\/index.php\/wp-json\/wp\/v2\/pages\/3224\/revisions"}],"predecessor-version":[{"id":4598,"href":"https:\/\/laetitia-vesentini-psy.fr\/index.php\/wp-json\/wp\/v2\/pages\/3224\/revisions\/4598"}],"wp:attachment":[{"href":"https:\/\/laetitia-vesentini-psy.fr\/index.php\/wp-json\/wp\/v2\/media?parent=3224"}],"curies":[{"name":"wp","href":"https:\/\/api.w.org\/{rel}","templated":true}]}}